t are the prime factors of 283?
283
What are the prime factors of 3092?
2, 773
What are the prime factors of 6128?
2, 383
List the prime factors of 3932.
2, 983
What are the prime factors of 115777?
115777
What are the prime factors of 504?
2, 3, 7
List the prime factors of 14642.
2, 7321
List the prime factors of 73626.
2, 3, 7, 1753
What are the prime factors of 1252?
2, 313
List the prime factors of 22729.
7, 17, 191
What are the prime factors of 984?
2, 3, 41
List the prime factors of 55930.
2, 5, 7, 17, 47
What are the prime factors of 26033?
7, 3719
List the prime factors of 101.
101
List the prime factors of 1796.
2, 449
What are the prime factors of 37732?
2, 9433
List the prime factors of 92827.
7, 89, 149
What are the prime factors of 1133?
11, 103
What are the prime factors of 1798?
2, 29, 31
What are the prime factors of 104992?
2, 17, 193
What are the prime factors of 11984?
2, 7, 107
List the prime factors of 18992.
2, 1187
What are the prime factors of 95189?
95189
What are the prime factors of 176381?
233, 757
List the prime factors of 49923.
3, 43
List the prime factors of 7564.
2, 31, 61
What are the prime factors of 13972?
2, 7, 499
What are the prime factors of 58146?
2, 3, 11, 881
List the prime factors of 23895.
3, 5, 59
List the prime factors of 70549.
70549
What are the prime factors of 16312?
2, 2039
What are the prime factors of 108795?
3, 5, 7253
What are the prime factors of 796?
2, 199
What are the prime factors of 45070?
2, 5, 4507
What are the prime factors of 5761?
7, 823
What are the prime factors of 3069?
3, 11, 31
List the prime factors of 7479.
3, 277
List the prime factors of 4912.
2, 307
What are the prime factors of 1185?
3, 5, 79
List the prime factors of 6490.
2, 5, 11, 59
List the prime factors of 80100.
2, 3, 5, 89
What are the prime factors of 1019?
1019
What are the prime factors of 68156?
2, 11, 1549
List the prime factors of 1066.
2, 13, 41
List the prime factors of 66056.
2, 23, 359
What are the prime factors of 1404?
2, 3, 13
What are the prime factors of 3659?
3659
List the prime factors of 9225.
3, 5, 41
What are the prime factors of 4126?
2, 2063
What are the prime factors of 31604?
2, 7901
List the prime factors of 545.
5, 109
What are the prime factors of 5256?
2, 3, 73
List the prime factors of 2788.
2, 17, 41
List the prime factors of 550.
2, 5, 11
List the prime factors of 136889.
136889
List the prime factors of 4523.
4523
List the prime factors of 471.
3, 157
What are the prime factors of 30808?
2, 3851
List the prime factors of 1446.
2, 3, 241
List the prime factors of 257.
257
What are the prime factors of 15826?
2, 41, 193
List the prime factors of 575.
5, 23
List the prime factors of 817.
19, 43
List the prime factors of 14341.
14341
What are the prime factors of 1857?
3, 619
List the prime factors of 50750.
2, 5, 7, 29
What are the prime factors of 272?
2, 17
List the prime factors of 38.
2, 19
List the prime factors of 21376.
2, 167
List the prime factors of 38073.
3, 7, 37
What are the prime factors of 8392?
2, 1049
List the prime factors of 3499.
3499
What are the prime factors of 849?
3, 283
What are the prime factors of 110777?
110777
What are the prime factors of 1087?
1087
What are the prime factors of 1211?
7, 173
List the prime factors of 1196.
2, 13, 23
What are the prime factors of 1184?
2, 37
List the prime factors of 1252.
2, 313
List the prime factors of 30165.
3, 5, 2011
List the prime factors of 9135.
3, 5, 7, 29
List the prime factors of 8602.
2, 11, 17, 23
List the prime factors of 75.
3, 5
List the prime factors of 8255.
5, 13, 127
List the prime factors of 14603.
17, 859
What are the prime factors of 845?
5, 13
What are the prime factors of 21023?
21023
What are the prime factors of 7617?
3, 2539
List the prime factors of 1784.
2, 223
What are the prime factors of 4650?
2, 3, 5, 31
List the prime factors of 5179.
5179
What are the prime factors of 1678?
2, 839
List the prime factors of 343.
7
List the prime factors of 4531.
23, 197
List the prime factors of 4903.
4903
List the prime factors of 393.
3, 131
What are the prime factors of 6032?
2, 13, 29
What are the prime factors of 6720?
2, 3, 5, 7
What are the prime factors of 52457?
52457
List the prime factors of 28600.
2, 5, 11, 13
List the prime factors of 21455.
5, 7, 613
List the prime factors of 28874.
2, 14437
What are the prime factors of 6556?
2, 11, 149
List the prime factors of 75084.
2, 3, 6257
List the prime factors of 5738.
2, 19, 151
List the prime factors of 6334.
2, 3167
List the prime factors of 694.
2, 347
What are the prime factors of 2113?
2113
List the prime factors of 20864.
2, 163
What are the prime factors of 84487?
13, 67, 97
What are the prime factors of 2528?
2, 79
What are the prime factors of 62327?
62327
What are the prime factors of 85800?
2, 3, 5, 11, 13
What are the prime factors of 8143?
17, 479
What are the prime factors of 6290?
2, 5, 17, 37
What are the prime factors of 74437?
11, 67, 101
What are the prime factors of 41549?
41549
List the prime factors of 2862.
2, 3, 53
List the prime factors of 23194.
2, 11597
List the prime factors of 4053.
3, 7, 193
What are the prime factors of 285?
3, 5, 19
What are the prime factors of 11937?
3, 23, 173
List the prime factors of 10635.
3, 5, 709
What are the prime factors of 22850?
2, 5, 457
What are the prime factors of 206?
2, 103
List the prime factors of 6694.
2, 3347
List the prime factors of 19175.
5, 13, 59
What are the prime factors of 545?
5, 109
List the prime factors of 5693.
5693
List the prime factors of 22480.
2, 5, 281
List the prime factors of 25.
5
What are the prime factors of 23815?
5, 11, 433
List the prime factors of 1084.
2, 271
What are the prime factors of 4414?
2, 2207
List the prime factors of 4711.
7, 673
List the prime factors of 98.
2, 7
List the prime factors of 6337.
6337
What are the prime factors of 113305?
5, 17, 31, 43
List the prime factors of 19539.
3, 13, 167
List the prime factors of 19076.
2, 19, 251
What are the prime factors of 81264?
2, 3, 1693
List the prime factors of 3811.
37, 103
List the prime factors of 4750.
2, 5, 19
List the prime factors of 1181.
1181
List the prime factors of 7606.
2, 3803
What are the prime factors of 28913?
29, 997
What are the prime factors of 586?
2, 293
List the prime factors of 49681.
49681
What are the prime factors of 88685?
5, 17737
List the prime factors of 14943.
3, 17, 293
List the prime factors of 86441.
86441
What are the prime factors of 8725?
5, 349
List the prime factors of 3137.
3137
What are the prime factors of 36449?
7, 41, 127
What are the prime factors of 12606?
2, 3, 11, 191
What are the prime factors of 1101?
3, 367
What are the prime factors of 1458?
2, 3
List the prime factors of 77846.
2, 38923
What are the prime factors of 6162?
2, 3, 13, 79
What are the prime factors of 448?
2, 7
What are the prime factors of 790?
2, 5, 79
List the prime factors of 104.
2, 13
What are the prime factors of 8231?
8231
What are the prime factors of 1002?
2, 3, 167
What are the prime factors of 132?
2, 3, 11
What are the prime factors of 734?
2, 367
What are the prime factors of 544?
2, 17
What are the prime factors of 275?
5, 11
What are the prime factors of 1941?
3, 647
What are the prime factors of 67646?
2, 149, 227
List the prime factors of 2424.
2, 3, 101
What are the prime factors of 13587?
3, 7, 647
List the prime factors of 51915.
3, 5, 3461
List the prime factors of 12316.
2, 3079
List the prime factors of 7949.
7949
What are the prime factors of 279?
3, 31
List the prime factors of 10229.
53, 193
List the prime factors of 8919.
3, 991
What are the prime factors of 7816?
2, 977
What are the prime factors of 6784?
2, 53
List the prime factors of 11717.
11717
What are the prime factors of 912?
2, 3, 19
List the prime factors of 319.
11, 29
What are the prime factors of 4650?
2, 3, 5, 31
List the prime factors of 4454.
2, 17, 131
List the prime factors of 102649.
23, 4463
List the prime factors of 4122.
2, 3, 229
What are the prime factors of 1516?
2, 379
List the prime factors of 3717.
3, 7, 59
What are the prime factors of 5773?
23, 251
List the prime factors of 568.
2, 71
What are the prime factors of 3638?
2, 17, 107
List the prime factors 